2 - 9)?
55
What is the value of (-11 - 10) + (-18 - (-10 - (-11 - -17)))?
-23
-621 + 580 + (94 - -2)
55
What is -18 + (1 - 60) - (70 - 61)?
-86
What is (-44 - (13 - 42)) + 10 + 0 - -29?
24
Evaluate -21 + 1 + (10 - 8) + 4 + (95 - 118).
-37
74 - 6 - (-3 + (25 - 25))
71
Calculate (-9 - (5 - -34) - (-9 + 7 - 3)) + 7.
-36
-850 + 803 - (-2 + -10)
-35
Calculate -66 + (-12 - 47 - -103).
-22
Evaluate 4 + -12 + 128 + -137 + 35 + 0.
18
What is the value of -16 + 13 + (9 - 7) + 3 + 2 + 13?
17
Calculate 23 + 0 + -17 + 21 + (0 - (-2 + 2)).
27
What is the value of -43 + 15 + 43 + -31?
-16
What is -3 - (-54 + 103 - 17)?
-35
What is 17 + -7 + 2 + -17 + (-9 - -13)?
-1
What is the value of 13 + ((-107 - -66) + 36 - (16 + -1))?
-7
(54 - 27) + 61 - 29
59
What is 9 + (2 - 2) + (-4 + -26 - -20 - 23)?
-24
What is the value of -4 + (21 + -3 - (-5 + 2))?
17
What is the value of -14 + 24 + 2 + 2 + -3 - (-504 - -501)?
14
Evaluate -24 + 16 + (8 - 4) - 25.
-29
What is 5 + (11 - 5) + 13 + -10 + 8?
22
Calculate -58 - (-66 - (25 + -55)).
-22
What is the value of 35 - ((-39 - -149) + 9 - 33)?
-51
What is 0 + (-3 + -2 - -19 - 6) + 22 + 7?
37
What is the value of 20 + (-10 - (19 + 10 - 25))?
6
What is the value of 66 + ((-48 - -30) + 40 - 32)?
56
Evaluate (-21 - -24 - -18 - -5) + -19 + -1 + -48.
-42
Calculate 4 + 13 + (-247 - -245) + (-2 - 7).
6
What is 2 + -15 - (-27 + 9 - -10) - -6?
1
Calculate 309 + -321 - (8 + 18).
-38
Evaluate 3 + (4 - -1 - 28 - -7) + -30.
-43
(47 - 80) + (37 - 5)
-1
Calculate -40 + (141 - 10) - 91.
0
Evaluate (0 - (-4 - 1)) + (-29 - (-145 - -32)).
89
What is -51 + (-81 - -68) - (5 + -4 - 3)?
-62
(-119 - -244) + -121 + -122
-118
What is (-64 - (0 - -21 - (8 - 0))) + -11 + 16?
-72
(-1 - -2) + -117 + 99 - (-10 + -101)
94
What is -8 + 17 + (-8 + -9 - 35) + -11?
-54
Evaluate -1 + 9 + -3 + (-10 - 0 - (22 + 26)).
-53
What is (-1 + 12 - 13) + -33 - (35 - 31)?
-39
What is (6 - 6) + (5 - 1) + 5 + (-40 - -32)?
1
What is the value of 226 + -108 - 63 - 153?
-98
What is 27 + (-30 - 9) + 26 + -3?
11
(0 - -1) + -5 + (9 - (3 + -4 - -39))
-33
Evaluate -66 + 43 + (-1 - (-4 - 3)).
-17
Calculate 22 - ((29 - 55) + 97).
-49
What is -35 + (48 - -8 - 64)?
-43
-2 - (-36 + 1 + -12 + (146 - 120))
19
Evaluate 33 + (0 - 1) - (-73 - (-34 + -33)).
38
Calculate ((-5 - 3) + -5 - 0) + (285 - 207).
65
-1 + 3 + (-2 - -2) + 42 + (-45 - -53)
52
What is the value of -14 - ((6 - (0 - -1)) + -25) - (-9 + 2)?
13
What is the value of 11 - (4 - (2 - 21)) - (22 - 6)?
-28
((2 - -2) + -48 - -3 - -7) + (-35 - -33)
-36
9 + (2 - 2) - (2752 + -2735) - 77
-85
What is the value of -27 - (-8 - (-20 + -2 - -20)) - -12?
-9
Calculate 26 - (31 - 11 - (8 - (5 + -12))).
21
Evaluate 66 + (1 - -4) + -12 + 47.
106
Evaluate (135 - 47) + -152 + 81.
17
Calculate 16 - (9 - -19) - ((-35 - -5) + 10).
8
Calculate 23 + (36 + -73 - 58).
-72
What is the value of (15 + -30 - 2) + -1 + 0 + 8?
-10
Evaluate 44 + 30 + -16 + -47.
11
What is 2 + -7 + (3 - 4) + 30 + -14 + -16?
-6
What is 2 + -44 + 1 - -5 - (13 + -30 + 20)?
-39
What is the value of (94 - 76) + (-35 - (-24 + 2))?
5
What is the value of -148 - -169 - (0 - -2 - (11 - 9))?
21
Calculate -44 + -27 + -6 + -24 + 48.
-53
Evaluate -3 - (1 - 15) - (-101 + 96 + 13).
3
What is -56 + (58 - 19 - 10)?
-27
Calculate (-107 - 95) + (-19 - -90).
-131
Evaluate 93 + -42 + (6 - -4) + -5 + -3.
53
What is the value of (-2 - -23 - (247 + -290)) + 15?
79
-6 + (-24 + 19 - -8 - 12)
-15
Calculate 72 - -3 - (-5 + (9 - -5)).
66
What is 15 - (-5 + 3 + 13 - 23 - -24 - 19)?
22
20 - (-3 + 20 - (-53 + 21))
-29
What is -180 - -5 - (-294 + 182)?
-63
Evaluate 10 + 10 + (-16 + 1 - (-4 + -2)) + -74.
-63
What is the value of 4 + -20 + (6 - (-35 + -28)) + -23?
30
What is the value of (3 - 29) + (0 - -19) + (41 - (-6 + 4))?
36
What is the value of -318 - -401 - (2 + 1) - 28?
52
What is the value of 88 - (66 + -79 + 56)?
45
What is the value of (-33 - -74) + (2 - -15 - 39)?
19
Calculate 40 + -24 - ((-22 - 1) + 106) - (5 + -1).
-71
What is the value of 0 + 4 - -8 - (1 + 4)?
7
(13 + (-21 - -7) - 5 - 70) + (-2 - -14)
-64
Evaluate -242 + 140 + 163 + -6 + (0 - 2).
53
What is the value of (-8 + 32 - 9 - 23) + 16 + -2?
6
What is (2 + -4 - -23) + (13 - (6 - -81))?
-53
Calculate -4 + (-11 + -3 - -27 - -4) - -34.
47
What is (40 - -144) + -99 + -111?
-26
What is 155 - (-50 + 43 + 69)?
93
(23 - (-22 - (-17 - -15))) + 8
51
What is 940 + -948 + (99 - (-3 - -7 - -1))?
86
Evaluate 10 + 2 - (-13 + -24 + 56 - -18).
-25
What is the value of 39 + -3 + 9 + 1 + 2 + -110 + 106?
44
What is the value of 52 - (-126 + 185) - ((7 - 1) + -1)?
-12
What is the value of (-126 - -122 - (0 - -8)) + (73 - (1 - 0))?
60
Evaluate (3 - -8) + (12 - 9 - 8) + (-51 - -3).
-42
What is -23 - (-74 - (-61 + 9))?
-1
What is -35 - (17 - (-13 - -28))?
-37
Evaluate (-54 - -24 - 16) + 4 + -2.
-44
Evaluate -16 + 1 + 17 + -17 + -7 - -152.
130
Evaluate (74 - 2) + -1986 + 1962.
48
Calculate (657 - 682) + 54 + -1.
28
(-2 - -13) + 3 + (1 - 5) - (-93 - -92)
11
Evaluate -21 + (-27 + 49 + 13 - 26) + (-68 - -2).
-78
What is the value of 65 - (-40 - -81) - (76 - 8)?
-44
1 - (3 + 1 - 3) - ((-84 - -51) + -65)
98
What is 0 + -2 + -18 + (-22586 - -22571)?
-35
Calculate (29 - 98) + 44 - -163.
138
29 - -1 - ((391 - 181) + -139)
-41
What is 22 + -8 + (-41 - (-3 - 9))?
-15
Evaluate -5 + 20 - (-68 - (-82 + 37)).
38
Evaluate 40 + (-28 - 8) - (0 + 0 + -2).
6
-7 - 0 - 0 - (4 + 23 + 16)
-50
Calculate (1288 - 1264) + -46 + -1.
-23
What is -16 - (-2 + 31 - (459 + -438))?
-24
What is (-26 - -52 - 15) + (22 + -17 - (-57 + -5))?
78
What is the value of (19 - (0 - -2) - 9) + -52?
-44
What is (-168 - (-15 - -23 - 8)) + 24 - -6?
-138
Calculate -14 + -2 + 14 - -13 - (-47 - (9 - 18)).
49
What is the value of -490 - -455 - (2 + 0 - -1 - -4)?
-42
-23 - 15 - (194 + -226)
-6
What is the value of 44 + 1 + (223 - 211) - (9 - 17 - -7)?
58
What is the value of -2 + 4 + 50 + (0 + -3 - (-5 - -3))?
51
What is the value of (4 + -3 - (12 + 4 - 28)) + -4?
9
What is -3 - ((-55 - -6) + 94)?
-48
What is -54 - (-22 - -47) - (16 + -1 - -1)?
-95
What is 52 - (93 + -28) - (-1 + 1 + 26)?
-39
37 - ((212 - 109) + -38)
-28
What is -56 + -22 + (29 - 5) + (4 - -1)?
-49
275 + -276 - (1 - (11 - 2)) - (14 + 26)
-33
Evaluate (1 - 10 - (203 + -169) - (0 - 0)) + -4.
-47
What is the value of (-29 - (12 + -32)) + (118 + 11 - -16)?
136
What is 36 - (11 + -85 + 51)?
59
Evaluate -11 + (14 + -38 - -51).
16
Calculate -7 + 27 + (3 + -4 + 0 - -9).
28
What is the value of 3423 + -3368 - (29 - 1)?
27
Evaluate 16 - (40 - 63 - -32).
7
Evaluate -3 - (70 - (56 - 14)).
-31
Evaluate -106 + (-42 - -95) - ((-4 - 2) + 3 - 5).
-45
Calculate (-3 - -16) + -13 + (1 - -47) - 5.
43
Evaluate -93 + (-28 - -9) + 0 + 20.
-92
Evaluate (-60 + 9 - -124) + 5.
78
What is -102 - -109 - (44 + -1) - (3 + 4 + -3)?
-40
Calculate 14 - (50 - 27) - (42 + (-3 - 0) + -1).
-47
Calculate 1 + (-10 - 9) + 52 + -2.
32
What is the value of (-1 - 15 - (-40 - (-86 - -72))) + -41?
-31
What is the value of (17 - 13) + -12 - (0 - 11) - 28?
-25
Evaluate (-1 + -11 - (-424 + 404)) + (6 + -11 - -1).
4
What is the value of (48 - 14 - 42) + (-2 + 2 - 23 - 1)?
-32
What is the value of 65 - (-210 + 201 - (1 - 3 - -2))?
74
What is -9 + -21 + (10 - (9 - (-2 - -4)))?
-27
What is (29 + (-10 - 6) - -17) + -10?
20
-92 - ((-3 - 3) + -98)
12
21 - -20 - 117 - -139
63
What is 145 - (-64 - 46 - -112)?
143
0 + -12 - (3 + -15)
0
What is the value of -20 - (-29 + (-70 - -67))?
12
What is (-35 - 5) + (-3 - 0) + 16 - (0 - 2)?
-25
Evaluate 141 + -310 + 160 + 161 + -1 + 0.
151
-26 - (-2 + (-6 + (3 - -30) - 13))
-38
What is -17 + (48 - 45) + -16?
-30
What is 24 - (32 - 12 - 16 - -13)?
7
What is the value of -66 - (24 - (58 - 19)) - (-10 - (2 - 1))?
-40
What is the value of 126 - (-10 - -239 - 105)?
2
What is the value of -2 + 4 - 5 - (126 + (1 - -59) + -102)?
-87
(-2 - -2 - -8 - (64 - 38)) + 0
-18
What is the value of (134 - 96) + -7 + (-1 - 65)?
-35
What is -10 - (17 - (45 + -31)) - -72?
59
Evaluate 45 - 22 - (0 + 1 + 3 + 0 - 4).
23
Calculate 41 - (-70 + 10 + 5).
96
296 + -310 + (-14 - 0) + 17
-11
3 + 1 - ((-199 - -207) + (2 - 1) + -50)
45
-4 + (4 + 2 - -1) - (-12 + -2)
17
What is the value of -33 - ((2 - (-2 + 14)) + (27 + -1 - 10))?
-39
(3 - (2 + 46)) + (-79 - -87) + (-2 - 8)
-47
Evaluate -2 + (124 - 132) 